ousands digit of 243528?
4
What is the hundreds digit of 5467401?
4
What is the thousands digit of 5631438?
1
What is the thousands digit of 2512865?
2
What is the hundred thousands digit of 712455?
7
What is the hundreds digit of 186688?
6
What is the hundreds digit of 53178?
1
What is the tens digit of 334202?
0
What is the tens digit of 27902683?
8
What is the ten thousands digit of 7514948?
1
What is the thousands digit of 40502384?
2
What is the hundreds digit of 118836?
8
What is the units digit of 3151090?
0
What is the ten thousands digit of 1465571?
6
What is the ten thousands digit of 4260077?
6
What is the hundreds digit of 751081?
0
What is the tens digit of 104673?
7
What is the hundreds digit of 540489?
4
What is the tens digit of 10738?
3
What is the millions digit of 1029614?
1
What is the hundred thousands digit of 464807?
4
What is the thousands digit of 2549414?
9
What is the ten thousands digit of 5104363?
0
What is the hundreds digit of 1484885?
8
What is the tens digit of 502344?
4
What is the units digit of 48763?
3
What is the millions digit of 1596776?
1
What is the units digit of 334941?
1
What is the tens digit of 3301971?
7
What is the millions digit of 1125422?
1
What is the units digit of 3123218?
8
What is the tens digit of 6899483?
8
What is the tens digit of 18595382?
8
What is the units digit of 466?
6
What is the hundreds digit of 43410?
4
What is the hundreds digit of 1281063?
0
What is the hundreds digit of 2691245?
2
What is the units digit of 17057430?
0
What is the hundreds digit of 635208?
2
What is the hundred thousands digit of 8911237?
9
What is the tens digit of 15015508?
0
What is the units digit of 13581269?
9
What is the thousands digit of 1620163?
0
What is the thousands digit of 5724061?
4
What is the thousands digit of 854317?
4
What is the hundred thousands digit of 30075987?
0
What is the units digit of 66490?
0
What is the units digit of 6171873?
3
What is the hundred thousands digit of 14534326?
5
What is the thousands digit of 46859?
6
What is the tens digit of 204740?
4
What is the hundred thousands digit of 2219578?
2
What is the ten thousands digit of 7736684?
3
What is the thousands digit of 21681?
1
What is the millions digit of 8721842?
8
What is the hundred thousands digit of 957828?
9
What is the thousands digit of 17974634?
4
What is the ten thousands digit of 60895?
6
What is the ten thousands digit of 10584256?
8
What is the units digit of 619798?
8
What is the units digit of 1336844?
4
What is the hundred thousands digit of 886375?
8
What is the millions digit of 1646130?
1
What is the units digit of 8822149?
9
What is the ten thousands digit of 1193723?
9
What is the ten thousands digit of 179680?
7
What is the units digit of 148203?
3
What is the ten thousands digit of 1296481?
9
What is the tens digit of 15207136?
3
What is the ten thousands digit of 213275?
1
What is the thousands digit of 2566159?
6
What is the thousands digit of 10525030?
5
What is the hundreds digit of 2424654?
6
What is the units digit of 11462413?
3
What is the hundred thousands digit of 334070?
3
What is the units digit of 9468455?
5
What is the hundred thousands digit of 1948841?
9
What is the thousands digit of 49842?
9
What is the ten thousands digit of 3753848?
5
What is the ten thousands digit of 33115?
3
What is the millions digit of 2603812?
2
What is the thousands digit of 286285?
6
What is the units digit of 34606036?
6
What is the thousands digit of 2522878?
2
What is the tens digit of 1914864?
6
What is the hundred thousands digit of 704194?
7
What is the tens digit of 904084?
8
What is the ten thousands digit of 1222787?
2
What is the hundred thousands digit of 158462?
1
What is the hundred thousands digit of 425855?
4
What is the hundreds digit of 320287?
2
What is the units digit of 26296?
6
What is the tens digit of 872220?
2
What is the ten thousands digit of 1140846?
4
What is the units digit of 1143076?
6
What is the hundreds digit of 9160651?
6
What is the hundred thousands digit of 251197?
2
What is the units digit of 527268?
8
What is the millions digit of 1396735?
1
What is the units digit of 753221?
1
What is the units digit of 2769903?
3
What is the hundreds digit of 31171469?
4
What is the units digit of 4591723?
3
What is the hundreds digit of 14350738?
7
What is the units digit of 96165?
5
What is the units digit of 151014?
4
What is the tens digit of 137592?
9
What is the hundreds digit of 439882?
8
What is the hundred thousands digit of 6610096?
6
What is the hundreds digit of 4238061?
0
What is the hundred thousands digit of 2485676?
4
What is the ten thousands digit of 334146?
3
What is the tens digit of 330655?
5
What is the hundreds digit of 2342029?
0
What is the ten millions digit of 14211843?
1
What is the thousands digit of 5221026?
1
What is the hundreds digit of 7089112?
1
What is the hundred thousands digit of 429830?
4
What is the hundred thousands digit of 115841?
1
What is the ten thousands digit of 3480830?
8
What is the units digit of 458951?
1
What is the thousands digit of 313921?
3
What is the tens digit of 684450?
5
What is the hundreds digit of 2283436?
4
What is the thousands digit of 778563?
8
What is the thousands digit of 5104940?
4
What is the tens digit of 12542389?
8
What is the tens digit of 843389?
8
What is the thousands digit of 4473151?
3
What is the hundreds digit of 3959?
9
What is the hundreds digit of 163798?
7
What is the tens digit of 1351762?
6
What is the ten thousands digit of 8651183?
5
What is the units digit of 13123354?
4
What is the tens digit of 216219?
1
What is the ten thousands digit of 17297078?
9
What is the ten thousands digit of 1452599?
5
What is the tens digit of 4796924?
2
What is the ten thousands digit of 4507115?
0
What is the ten thousands digit of 790353?
9
What is the hundred thousands digit of 127759?
1
What is the thousands digit of 1999931?
9
What is the ten thousands digit of 1308755?
0
What is the hundred thousands digit of 136078?
1
What is the ten thousands digit of 135603?
3
What is the hundreds digit of 466?
4
What is the hundreds digit of 63482?
4
What is the tens digit of 764264?
6
What is the thousands digit of 826747?
6
What is the hundred thousands digit of 1445415?
4
What is the hundred thousands digit of 21810961?
8
What is the ten thousands digit of 2129896?
2
What is the hundred thousands digit of 2690782?
6
What is the hundred thousands digit of 3686198?
6
What is the tens digit of 463506?
0
What is the hundred thousands digit of 131288?
1
What is the thousands digit of 167191?
7
What is the thousands digit of 742988?
2
What is the hundreds digit of 19968?
9
What is the hundreds digit of 1082034?
0
What is the thousands digit of 613906?
3
What is the units digit of 217629?
9
What is the ten thousands digit of 4979925?
7
What is the millions digit of 14447839?
4
What is the hundreds digit of 445488?
4
What is the tens digit of 264347?
4
What is the units digit of 195871?
1
What is the thousands digit of 461546?
1
What is the units digit of 7085?
5
What is the thousands digit of 217843?
7
What is the tens digit of 532305?
0
What is the units digit of 549694?
4
What is the ten millions digit of 16993054?
1
What is the millions digit of 8899121?
8
What is the ten thousands digit of 569084?
6
What is the units digit of 94654?
4
What is the hundred thousands digit of 905163?
9
What is the units digit of 460163?
3
What is the thousands digit of 10357425?
7
What is the hundreds digit of 628088?
0
What is the thousands digit of 1739915?
9
What is the thousands digit of 51655?
1
What is the hundred thousands digit of 431713?
4
What is the tens digit of 167737?
3
What is the units digit of 4506860?
0
What is the hundred thousands digit of 6098768?
0
What is the tens digit of 3112240?
4
What is the units digit of 430248?
8
What is the hundreds digit of 794695?
6
What is the ten thousands digit of 3184421?
8
What is the thousands digit of 24521150?
1
What is the hundred thousands digit of 377745?
3
What is the ten thousands digit of 228844?
2
What is the units digit of 12906554?
4
What is the thousands digit of 376257?
6
What is the hundred thousands digit of 2733393?
7
What is the units digit of 6